alculate the remainder when 288 is divided by q.
27
Let o = 8351 + -8270. What is the remainder when 229 is divided by o?
67
Let d(k) = 3*k - 10. Let x = -458 - -768. What is the remainder when x is divided by d(6)?
6
Suppose -11 = 5*v - 31. Suppose 12 = -v*l, -6*u + 80 = -5*u + 2*l. Calculate the remainder when u is divided by 31.
24
Suppose -53*y - 193*y = -4*y - 828850. Calculate the remainder when y is divided by 190.
5
Suppose -32*g = 44 - 236 - 128. Calculate the remainder when 19 is divided by g.
9
What is the remainder when 757 is divided by 1 + 5/15*684/12?
17
Suppose 0 = -98*x + 4236 + 3744 + 3388. Calculate the remainder when 580 is divided by x.
0
Suppose -5305 = -47*t - 2062. Suppose q - t = -3*g - 56, -25 = 5*q. Let m = -87 + 133. What is the remainder when m is divided by g?
4
Suppose -2*s - 15 = -p, 0 = p + 3*s - 15. Let g(n) be the second derivative of n**4/3 + 3*n**2/2 + 3*n. What is the remainder when g(-3) is divided by p?
9
Let w = -5236 - -5278. Calculate the remainder when 153 is divided by w.
27
Let u = -2063 + 2072. Calculate the remainder when 1697 is divided by u.
5
Suppose 0 = 50*f - 54*f - 4*p + 36, 0 = -4*f - 2*p + 46. What is the remainder when 23 is divided by f?
9
Let i(k) = -3*k**3 - 88*k**2 - 28*k + 39. Let d be i(-29). Let o(u) = -2*u + 87. What is the remainder when 129 is divided by o(d)?
62
Suppose 8 = v - 5. Let h = -445 - -778. Suppose 0 = 241*b - 232*b - h. Calculate the remainder when b is divided by v.
11
Let i(z) = -2841 + 8*z**2 - 12*z + 2855 - z**3 + 0*z**3. Calculate the remainder when i(6) is divided by 2.
0
Let n = -4649 - -4727. Calculate the remainder when 429 is divided by n.
39
Suppose -3*t - 3*i = -1251, 0 = 3*t - 223*i + 221*i - 1286. Calculate the remainder when t is divided by 174.
76
Let a(x) = -5*x**2 - 6*x - 7. Let r be a(-4). Let j = r + 66. Suppose 3*d + j*g = -g + 41, d - 16 = g. Calculate the remainder when 43 is divided by d.
13
Let a = 44 - 43. Let x be 1*a/2*(-3 - -3). Suppose 0 = -i - x + 25. Calculate the remainder when 73 is divided by i.
23
What is the remainder when 2812/10 - (2070/(-25))/46 is divided by 170?
113
Let c(n) = -117*n + 1606. Calculate the remainder when c(12) is divided by 53.
43
What is the remainder when (516/(-9))/((-44)/297) is divided by 98?
93
Let f(w) = 82*w + 31. Let p be f(3). Let t = 350 - p. Calculate the remainder when t is divided by 16.
9
Let c(k) = 2*k + 16. Let i(y) = 30*y + 550. What is the remainder when i(-15) is divided by c(6)?
16
Suppose -26*z + z + 1036 + 514 = 0. What is the remainder when 8429 is divided by z?
59
Suppose o - 2*o + 5 = 0, 5*h - o = 75. Let s(v) = 6*v**2 - 3*v - 3. Let w be s(1). Suppose -2*c + w*c = -h. What is the remainder when 15 is divided by c?
7
Let o be 2 - (-131 + (-6)/(-3)). Let m = 146 - o. Calculate the remainder when 133 is divided by m.
13
Let f(d) be the third derivative of -4*d**4/3 + 7*d**3/6 - 29*d**2. Calculate the remainder when 55 is divided by f(-1).
16
Calculate the remainder when 7/(-4) + 115425/380 is divided by 19.
17
Let r be 16 + -4*(-2)/(-2). Suppose w - 2*w + r = 2*x, 2*w = -3*x + 21. Suppose -12 - w = -i. What is the remainder when i is divided by 4?
2
Let z(t) = 32*t + 2. Let u be z(2). Let p = -73 + u. Let n(r) = r**3 + 8*r**2 + 8*r + 11. What is the remainder when 9 is divided by n(p)?
1
Suppose -116*i - 1782 = -143*i. Let l(a) = 3*a - 4. Suppose 15 + 11 = 2*v + 4*k, -2 = v - 3*k. What is the remainder when i is divided by l(v)?
15
Calculate the remainder when 390 is divided by (33/3 - 8)*6.
12
Let f(b) = b**2 - 23*b - 730. Let j(l) = l**3 - 4*l**2 - 5*l + 7. What is the remainder when f(-21) is divided by j(6)?
47
What is the remainder when 1160 is divided by 57 - 21 - (9 + (-7 - -6))?
12
Suppose -3*d - 1 = 2*q - 48, 0 = -3*d + 2*q + 43. Let b(m) = -4 + 0*m - 6*m + 42 - 5*m. Calculate the remainder when b(0) is divided by d.
8
Calculate the remainder when 104/(-182) - (-2)/(-28)*-1478 is divided by 22.
17
Suppose -2301 = -4*x + x + u, -2*x + 3*u + 1527 = 0. What is the remainder when x is divided by 55?
53
Let x be (-1)/(4 + -1 + -2) - -9. Suppose -x*i + 11 = -7*i. What is the remainder when 15 is divided by i?
4
Suppose 5*o - 1216 = 3*o + 4*p, 1237 = 2*o + 3*p. Let y = 710 - o. What is the remainder when y is divided by (-1 - (-35)/2)*2?
30
Calculate the remainder when 35/21 - (-8790)/45 is divided by 69.
59
Let u(h) = h**2 + 11*h + 41. Suppose 0 = -3*f - 5*r + 10, -r + 6 + 8 = 3*f. What is the remainder when 9/(-15) + 383/f is divided by u(-4)?
11
Let b = 28 + -15. Let j(t) = -27*t - 2. Let v be j(6). Let r = 189 + v. What is the remainder when r is divided by b?
12
Suppose -78*t = 87*t + 12*t - 3186. What is the remainder when 1092 is divided by t?
12
Let t(p) = -p**3 - 4*p**2 - 12*p - 5. Let s be t(-3). Calculate the remainder when 95 is divided by (19 - s) + 36 + 1.
27
Suppose -41*t + 42*t - 22 = 0. Suppose a = -4*z + 53 + 11, 0 = 5*a + z - 358. What is the remainder when a is divided by (33/27 + t/(-99))*15?
12
Let y = 28 - 185. Let t = y + 181. Calculate the remainder when 70 is divided by t.
22
Suppose 0 = 2*o - 10, 0 = 1385*t - 1389*t - 4*o + 1536. What is the remainder when t is divided by 98?
85
Let h(k) = k**3 + 10*k**2 - 13*k. Let w = -67 + 56. Calculate the remainder when h(w) is divided by 12.
10
Let g = -2444 - -2514. What is the remainder when 146 is divided by g?
6
Let l(s) = s**3 - 10*s**2 + 11. Let z be l(9). Let j = z + 27. Let b = -37 - j. What is the remainder when 15 is divided by b?
3
Let g be (20/12 - 2)*0. Suppose -d + 3 = -g. Suppose -5*v = -0*v + d*b - 308, -4*b = 3*v - 176. What is the remainder when v is divided by 22?
20
Suppose -135*l + 2912 = -128*l. Let z = 631 - l. What is the remainder when z is divided by 54?
53
Let y = -17066 - -17434. Calculate the remainder when 1040 is divided by y.
304
Let a be -18*(-7)/21 - (2 + -2). Suppose 2*d - y - 3 = 3, -3*y = -6. What is the remainder when 7 is divided by (3/a)/(d/32)?
3
Let a = -147917 - -147921. Suppose 4*p = 2*l + 458, -2*p - l - 3 = -226. What is the remainder when p is divided by a?
1
Suppose 23*k = 33*k + 20. Calculate the remainder when (3/k)/(33/(-3608)) is divided by 33.
32
Let l = -19 - -57. Suppose -q + 300 = 14*q. Suppose -q = -49*z + 47*z. Calculate the remainder when l is divided by z.
8
Let c(f) = -7*f + 219. Let w be c(28). Suppose w*z - 5*z = 738. Calculate the remainder when 161 is divided by z.
38
Let o = -1303 + 1398. Let r(m) = -6*m - 3. What is the remainder when o is divided by r(-5)?
14
Suppose -58*v = -94*v + 1080. Calculate the remainder when (-19 - 0)/(13/(-39)) is divided by v.
27
Let m(u) = u**2 - 241*u + 3827. What is the remainder when 750 is divided by m(17)?
9
Suppose -657*u + 2332 = -551*u. Let o(a) = -a**2 + 4*a + 5. Let l be o(6). Let f = l - -11. Calculate the remainder when u is divided by f.
2
Let w(u) = 33 - 50*u + 26 + 41 - 117. Calculate the remainder when w(-5) is divided by 47.
45
Suppose 7*f - 2*f - 80 = 0. What is the remainder when 90 - (46/(-253) + (-31)/11) is divided by f?
13
Suppose -14*l - 26 = -2056. Let r = 166 - l. What is the remainder when 41 is divided by r?
20
Suppose 0 = t - 0 - 185. Suppose y + 12 = t. Let a = 29 - -15. What is the remainder when y is divided by a?
41
Let a = 2452 - 2442. What is the remainder when 1829 is divided by a?
9
Suppose 5*w + 120 = -2*d, -d + 2*w = 3*d + 192. Let r = d + 58. Let h(j) = -2*j**2 + 18*j - 10. What is the remainder when 10 is divided by h(r)?
4
Let c(f) = 4*f**3 - 10*f**2 + f + 10. Let h be c(4). Suppose 11*s + h = 13*s. Let i(a) = 4*a + 2. What is the remainder when s is divided by i(3)?
13
Suppose -z - 3 - 2 = -2*g, g - 4*z + 1 = 0. Let x be 3060/54*g/2. Let v = x - 50. What is the remainder when v is divided by 12?
11
Suppose 24*t - z - 9 = 23*t, 7 = -t - 3*z. Suppose 2*s - 147 = t*p - 396, 0 = 4*p + s - 207. Calculate the remainder when p is divided by 12.
3
Let s = -7 - 11. Let w(l) = 8*l + 22. Let d(f) = -7*f - 21. Let x(v) = 7*d(v) + 6*w(v). Calculate the remainder when 8 is divided by x(s).
2
Let v = 13499 - 13286. Calculate the remainder when 3395 is divided by v.
200
Let l(m) = -33*m**3 + m**2 + 2*m + 1. What is the remainder when (((-2145)/10)/(-11))/((-24)/(-80)) is divided by l(-1)?
3